 484*k, 4*c - 35564 = 5*k. What are the prime factors of c?
17, 523
Let v be ((-30)/8)/((-13)/(-572)). Suppose 2*h + 570 = -0*h. Let u = v - h. What are the prime factors of u?
2, 3, 5
Let u = -78 + 186. Suppose -6*d + u = -3*d. Let s = 47 + d. List the prime factors of s.
83
Let t be ((-4)/6)/(-1*3/18). Let z = 4 - t. Suppose -227 = -2*a + 2*l - l, 5*l - 25 = z. List the prime factors of a.
2, 29
Let m(j) = j**2 - 3*j - 37. Let v be m(8). Suppose 4*a = 5*f + 69, 2*f + 50 = 5*a + v*f. Suppose 26*x = a*x + 4110. What are the prime factors of x?
2, 137
Suppose -6*m + 5*m = v - 2423, -4*m = -2*v + 4834. Suppose -8*d + v = 389. What are the prime factors of d?
2, 127
Let a = 3 - 1. Let q = a + 32. Let u = 6 + q. What are the prime factors of u?
2, 5
Let q be (40/30)/(7/21). Suppose 6190 = 5*j - f, 3707 = 3*j - q*f + 2*f. What are the prime factors of j?
3, 7, 59
What are the prime factors of -30*1460/(-3)*(-24)/(-60)?
2, 5, 73
Let q(z) = 47*z - 124. Let c be q(12). Let f = -133 + c. List the prime factors of f.
307
Suppose 249*g - 296197 - 780977 = 0. What are the prime factors of g?
2, 3, 7, 103
Let m(q) = 20 - 13*q + 0 + 0*q - 71*q. What are the prime factors of m(-4)?
2, 89
Let m = -19043 + 27661. What are the prime factors of m?
2, 31, 139
Let d(w) = -w**2 + 16. Let z be d(4). Suppose m - 4*f - 11 = -2*f, z = 2*f + 8. Suppose m*j - 126 = 342. List the prime factors of j.
2, 3, 13
Let i(b) = 48*b + 99. Let q be i(44). Suppose 4*o + q = 5*l - 1906, 2*l + o = 1639. List the prime factors of l.
821
Let w(l) = 5*l**2 - 31*l + 197. What are the prime factors of w(23)?
2129
Let n(p) = 90*p - 4. Let i = 158 - 156. What are the prime factors of n(i)?
2, 11
Let k = 2930 + -1729. Let g = 2391 - k. What are the prime factors of g?
2, 5, 7, 17
List the prime factors of (66/8*6)/((-3)/(-582)*1).
3, 11, 97
Let a(t) = -t**3 + 10*t**2 - 4*t - 23. Suppose 0 = 3*j + j - 8, 0 = 4*k + j - 30. What are the prime factors of a(k)?
2, 3
Let d(a) = 339*a + 106. Let w(u) = 1692*u + 530. Let v(n) = 14*d(n) - 3*w(n). List the prime factors of v(-4).
2, 607
What are the prime factors of (190286 + 40)*((-17)/(-33) + (-2)/11)?
2, 31721
Let d(s) = 10*s**2 + s + 1. Let u be d(-1). Suppose -954 = -u*y + 86. Let v = -64 + y. List the prime factors of v.
2, 5
Let k = 8121 - 2872. What are the prime factors of k?
29, 181
Suppose -4*y + 786 = -5*a - 847, -1623 = 5*a + y. Let c = -210 - a. What are the prime factors of c?
5, 23
Let w = -106 + 130. Let z(v) = 11*v + 28 - 14*v + 28*v - w. What are the prime factors of z(1)?
29
Let a = 3 + 2. Suppose -9*b + 58 - 58 = 0. Suppose -5*l - 10 = b, r = -r + a*l + 202. List the prime factors of r.
2, 3
Let k(z) = z**2 + z. Let g(d) = 5*d**2 - 2*d + 464. Let y(r) = g(r) - 3*k(r). List the prime factors of y(0).
2, 29
Let c = -3601 + 5079. Let n = 2273 - c. What are the prime factors of n?
3, 5, 53
List the prime factors of 4/(-5) + 5/25 + 52980/50.
3, 353
Let c be (2*-3)/((-4)/14). Let z = -2572 - -2663. Suppose c + z = 4*t. What are the prime factors of t?
2, 7
What are the prime factors of 33170 + 285 + ((-74)/10 - 4/(-10))?
2, 37, 113
Let i(v) = -v**3 + 7*v**2 - 9*v + 3. Let z be i(4). Let b be 10/z*(-2 + 4 - -61). Suppose -10*a + b = -7*a. List the prime factors of a.
2, 7
Let i(r) = -r**2 + 8*r + 9. Suppose -55 - 26 = -9*f. Let k be i(f). Suppose k*c - 11*c = -209. List the prime factors of c.
19
Let y(x) = 578*x - 40. Let p be y(8). Suppose -28*l = -10704 - p. List the prime factors of l.
2, 3, 7, 13
Suppose -98*b - 375683 = -109*b. What are the prime factors of b?
7, 17, 41
Let k(y) = y**3 + 15*y**2 - 2*y + 228. Let r be k(-16). Suppose r*o - 3760 = -w - w, w + 1888 = 2*o. List the prime factors of o.
2, 3, 157
Let k = 249 + -373. Let o = 597 - k. What are the prime factors of o?
7, 103
Suppose 4*s = s + 252. What are the prime factors of (-24)/s + (-2160)/(-14)?
2, 7, 11
Let g = 126 + -122. Suppose b + 440 = 2*y - y, -b = -g*y + 1763. What are the prime factors of y?
3, 7
Suppose -7*b - 163 + 51 = 0. What are the prime factors of 3/(-12) + (-4276)/b + 0?
3, 89
Suppose -9282 = -y + 2*s, -24582 + 5994 = -2*y - 4*s. List the prime factors of y.
2, 3, 43
Suppose -9*o = 461 + 988. What are the prime factors of -23*4/(28/o)?
23
Suppose 28*q = 19*q + 27. Suppose u - 9*o + 5*o = 575, -2*u - q*o + 1095 = 0. What are the prime factors of u?
3, 5, 37
Let r = 76 - 70. What are the prime factors of ((-4)/r)/(36/(-14958))?
277
Let q be 1/((-5)/15)*(-1)/1. Let f be (-23)/69 + (10/q - 1). Suppose 186 = f*s + 3*v, 0 = -3*s + v + 3*v + 296. List the prime factors of s.
2, 3
Let y be 300/15*(-2)/4. Let b be (2*2/(-6))/(y/1335). Suppose q = -k + b, -3*q + 2*k = k - 283. What are the prime factors of q?
3, 31
Let c(r) = -2*r**2 + r**2 - 38*r + 91*r - 40*r - 5. List the prime factors of c(10).
5
Suppose -4*t = 2*b + 23 + 17, -b - 3*t - 23 = 0. Let x(f) = -f**3 - 15*f**2 - 14*f + 13. Let g be x(b). List the prime factors of -6 + g + -5 - (1 - 1).
2
Suppose -38*z - 12640 = -46*z. Let x = z - 938. What are the prime factors of x?
2, 3, 107
Suppose -20*n + 645131 = -77269. What are the prime factors of n?
2, 3, 5, 7, 43
Let u be (0 + 2)*11763/18. Let a = u - 206. What are the prime factors of a?
3, 367
Let r(b) = 4*b + 18. Let a be r(11). Suppose m + a - 62 = 0. Suppose 4*i - 3*l - l - 260 = m, -4*l + 343 = 5*i. List the prime factors of i.
67
Let s = -483 - -144. Let n = s - -528. What are the prime factors of n?
3, 7
Let x(f) = 46*f**2 + 151*f - 253. List the prime factors of x(-20).
7, 2161
Let g(u) = -116*u + 1. Let i = -165 - -164. List the prime factors of g(i).
3, 13
Suppose 0 = 42*o - 37*o + 2*w - 155124, w = -5*o + 155127. What are the prime factors of o?
2, 3, 5171
Let p(j) = 2*j**2 - 18*j - 4. Let x be p(9). Let v(y) = -8*y - 4. Let h be v(x). Suppose h = -5*r + 608. What are the prime factors of r?
2, 29
Let v = -18 - -20. Suppose 3*g + v*d - 874 = 0, 3*g + 4*d - 396 = 476. What are the prime factors of g?
2, 73
Let l(t) = t**3 + 10*t**2 + 7*t + 2. Let k(o) = -14*o + 6. Let n be k(1). Let d be l(n). Suppose 3*m - 70 = d. What are the prime factors of m?
2, 3
Suppose 4*s + 2*o + 56 = 286, 4*s = 2*o + 242. Suppose -63*m + s*m = 16. What are the prime factors of 1/m + (-22425)/(-100)?
2, 7
Suppose o = m - 32722, -2*o - 129 = -135. List the prime factors of m.
5, 7, 11, 17
Let a = 74 + 8. Let q(z) = -171*z**2 + 90*z**2 + 18*z**3 + a*z**2 + 1. List the prime factors of q(2).
149
Let r be 42/147 - 24/(-14). Suppose -2*a = -2*i - 618, -624 = -r*a - i - 3*i. What are the prime factors of a?
2, 5, 31
Suppose -2*b = 7*r - 3*r - 24, 4*r - 32 = -4*b. Let i(a) = 454*a - 2. List the prime factors of i(r).
2, 907
Let h be 3/(-6)*14 - 0. Let f(a) = -a - 19. Let b be f(h). What are the prime factors of -14*((-9)/(-45) - b/(-10))?
2, 7
Suppose -5*h + 20 = 0, 2*m = 8*h - 3*h + 578. Suppose -18 + m = j. List the prime factors of j.
281
Let p(s) = 5*s + 2. Let q be p(3). Suppose 2*t - 773 = -15. Suppose t + q = 3*k. What are the prime factors of k?
2, 3, 11
Suppose -5*x = -2*k + 349, 5*x - 4*k = -262 - 91. Let a be -3 + x/(-4) - (-21)/28. Let w = a - -59. What are the prime factors of w?
2, 37
Suppose 0 = -4*o + 7*o. Suppose -2*w - b - b = 12, -3*b - 12 = o. List the prime factors of 69 + 0 + (1 + w)*1.
2, 17
Suppose 5*p + 5 = 0, -8*d + 7*d + 3*p + 7 = 0. Suppose -2*q = -4*v - 1870, -1878 = 58*q - 60*q - d*v. What are the prime factors of q?
937
Let q = 212 + -201. Suppose q*y - 9*y = 10. List the prime factors of y.
5
Let p be 356 + 12/(3 + 0). Suppose 0 = 3*o + 9 - 3, -2*g - o = -p. Suppose 0 = -2*m - 5*h - 7 + g, -3*h + 261 = 3*m. What are the prime factors of m?
3, 29
Let r = -45 - -45. Suppose 0 = -4*p + 3*h + 1601 + 456, r = h - 1. What are the prime factors of p?
5, 103
Let c(m) = 2*m - 10. Let n be c(6). Suppose -400 = -3*h - n*b, 3*h = 4*b + 292 + 96. Let a = 340 - h. What are the prime factors of a?
2, 13
Let d = 65 + -58. Suppose d*p = 15*p - 352. List the prime factors of p.
2, 11
Suppose 90848 = 390*i - 373*i. List the prime factors of i.
2, 167
Let c be -2*-3*5131/14. Suppose 86*i = 89*i - c. List the prime factors of i.
733
Suppose 20*b - 1519 = 13*b. Suppose g - 838 = 2*u, -4*g - 4*u - b = -3617. List the prime factors of g.
2, 3, 47
Let f be (28/(-